 - 93*r + 727, -h - 2*r = -727. What is the units digit of h?
7
Let r(d) = d**2 - 6*d + 62. What is the hundreds digit of r(23)?
4
Suppose -4*q - y = 4*y - 21644, 0 = 5*q - 5*y - 27100. What is the hundreds digit of q?
4
Let f(z) = -z**2 + z + 1. Let m(w) = w**2 - 3*w + 7. Let a(l) = -2*f(l) + m(l). What is the units digit of a(5)?
5
Suppose 0 = u + 1 + 3. Let w(p) = 2*p**2 + 6*p. Let g be w(u). What is the units digit of (g/10)/((-3)/(-120))?
2
Let b(j) = -10 - 3*j + 3 - 2*j**2 + 1 + 0. Let l be b(-2). Let h = -5 - l. What is the units digit of h?
3
Suppose -6 = -q - 2*q. Let s = -17 + q. What is the units digit of ((-12)/(-2))/((-5)/s)?
8
Suppose 3*a + 4*d = 8*a - 736, 4*a - 5*d - 596 = 0. Suppose k - a = -5*s + 131, 0 = s - 2*k - 44. What is the units digit of s?
4
Suppose 5*u = u - 12. Let m(t) = -38*t + 7. What is the hundreds digit of m(u)?
1
Suppose 5*b + 1070 = -115. Let t = 360 + b. Suppose 5*d = t + 152. What is the tens digit of d?
5
What is the tens digit of (-9*(-6992)/24)/2?
1
Suppose -201*z = -204*z + 5079. What is the thousands digit of z?
1
Let d(g) = g**2 - 3*g + 5. Let p be d(0). Suppose -5*w + 2*u = 52 - 251, -p*w = -3*u - 196. What is the tens digit of w?
4
Let f = -14 - -19. Suppose 0*a = -f*a + 400. Suppose 5*r = 3*v + 196, -2*v = 2*r - 4*v - a. What is the units digit of r?
8
Let i = 9 + -9. Suppose -4*f + x + 164 = i, -f - 5*x = -36 + 16. What is the units digit of f?
0
Let g = 524 - 534. Let y(f) = f**3 + 7*f**2 - f + 18. Let q(z) = -z**3 - 8*z**2 - 17. Let j(w) = 3*q(w) + 2*y(w). What is the units digit of j(g)?
5
Suppose -3*h = -8*h - 5*i + 1315, -1047 = -4*h - 3*i. What is the units digit of h?
8
Let z(t) = 3*t + 40. Let g(c) be the first derivative of -c**4/4 + 8*c**3/3 - 12. Let k be g(8). What is the tens digit of z(k)?
4
Suppose -9*b = -13*b + 8. What is the tens digit of -4 - (b + (3 - 19))?
1
Suppose 4*i + 685 = 9*i. Let b = 247 - i. What is the hundreds digit of b?
1
Let y(v) = -v**3 - 7*v**2 - 12*v - 8. Let n be y(-5). Suppose -q - 80 = -n*q. What is the units digit of q?
0
Suppose -2*f + 790 = 166. Suppose 7*n + n = f. What is the tens digit of n?
3
Suppose 0*n - 3*z + 5514 = 4*n, n - 1375 = z. What is the hundreds digit of n?
3
Let o(l) = -450*l + 42. What is the units digit of o(-2)?
2
Let g(q) = -16*q**3 - q**2 + 3*q - 2. Let u be g(2). Let f = -21 - u. What is the units digit of f?
7
What is the units digit of -482*(-9)/(126/7)?
1
Let s(m) = 67*m**3 + m**2 + 4*m - 6. What is the tens digit of s(1)?
6
Suppose -g + 0*g = -3*x + 19, -4*g = 4*x - 52. Suppose x*m + 21 = 9*m. What is the tens digit of m?
2
Let w = -258 + 1166. What is the hundreds digit of w?
9
Suppose -10 = -4*i - i. Let w be -4*(-3 - (-1)/(-4)). Suppose -w + 59 = i*p. What is the units digit of p?
3
Let q = -228 + 91. Let o = q - -60. Let a = o - -146. What is the units digit of a?
9
Let q(w) = -w**2 + 21*w - 9. Let o be q(17). Let u = o + 64. What is the units digit of u?
3
Suppose 38*c - 33*c + 3*i = 3213, 4*i + 16 = 0. What is the hundreds digit of c?
6
Suppose 2*o + 30 = -w, 9*o + 120 = -4*w + 4*o. Let d = w - -21. What is the units digit of (-150)/(-54) - 2/d?
3
Let w be (-4)/((4/(-250))/1). Suppose 5*c - w = -0*c. Suppose -94 = -3*x + 4*g - 36, 0 = -5*x - 5*g + c. What is the units digit of x?
4
Let r = 14 + -11. Suppose -2*a - r*a + 70 = 0. What is the units digit of (36/a)/(14/196)?
6
Let t(x) = 13*x + 32. Let y(l) = 3*l + 8. Let f(d) = -2*t(d) + 9*y(d). What is the tens digit of f(7)?
1
Let i(w) = w**2 + 6*w + 4. Let f be i(-3). Let b(r) = 6*r + 8. Let q be b(4). Let n = f + q. What is the units digit of n?
7
Let c = 133 + -133. Suppose 12*v + 1186 - 3562 = c. What is the units digit of v?
8
Let k be (-27)/(-6) + 1/(-2). Suppose -k*f + 118 = -5*g - 211, 4*f = -3*g + 289. What is the tens digit of -2 - (-3)/(12/f)?
1
Let a be ((-2)/(-1))/(-5 + 28/6). Let o(t) = 4*t + 6*t**2 + t**3 - 2 - t**2 + 2*t**2. What is the units digit of o(a)?
0
Let z be ((-2)/2)/((-3)/9). Suppose z*c + 1 - 109 = 0. What is the units digit of c?
6
Let k(r) = 21*r - 18. Let s(l) = -7*l + 6. Suppose -3*a = -3*q + 18, 4*q + q = -4*a + 75. Let c(i) = q*s(i) + 4*k(i). What is the units digit of c(4)?
2
Let w(z) = z - 6. Let o be w(2). Let y(u) = -6*u - 2. Let g(r) = -7*r - 1. Let p(j) = 5*g(j) - 4*y(j). What is the units digit of p(o)?
7
Let k = 1175 - -291. What is the tens digit of k?
6
Let k(h) be the second derivative of -19*h**3/6 + h**2/2 + 4*h. What is the hundreds digit of k(-11)?
2
Let b(h) = 4*h**3 - h**2 + 4*h + 1190. What is the units digit of b(0)?
0
Let h = -28 + 55. Let i = 76 - h. What is the units digit of i?
9
Suppose v = -3*g + 49, -5*g = -0*g + v - 85. Let h be (-2)/(-9) + (-220)/g. What is the tens digit of ((-6)/4)/(h/424)?
5
Let h(r) = -r**3 + 5*r**2 + r + 2. Let f be h(5). Suppose -f = 2*v - 497. What is the units digit of v?
5
Suppose -i + 10920 = 14*i. What is the hundreds digit of i?
7
Let a(z) = 16*z**2 + 3*z - 3. Let n(w) = -2*w**2 + 3*w + 1. Let s be n(0). What is the units digit of a(s)?
6
What is the units digit of 10 + 24/(-6) + 563?
9
Let z be (-3684)/(-36) - 4/(-6). Suppose -3*u = 5*l - 597, -l - 4*u + z = -13. What is the hundreds digit of l?
1
Suppose 0 = -3*p - 2*p + 3*y + 180, 72 = 2*p - 3*y. What is the units digit of (-24)/p - (-526)/6?
7
Let c(z) = 32 - 32 + 76*z**3 + 115*z**3. What is the hundreds digit of c(1)?
1
Let p = -69 - -71. Suppose p = -3*g - 3*n + 26, 0 = -2*g + 2*n - 4. What is the units digit of g?
3
Suppose 4*z = -i - 2*i + 2, 5*i + 10 = -4*z. Let p be -2*(6/(-2))/i. What is the units digit of (-35)/(p + 0) + 3?
8
Let f(i) = -41*i - 6. Let o(v) = -v**3 - 3*v**2 + 3*v + 7. Let r be o(-3). What is the tens digit of f(r)?
7
Suppose 0*v + 2*n + 10 = 2*v, v + 1 = -5*n. Suppose k = -4*b + 10, -4*k - v*b + 84 = 8. What is the tens digit of k?
2
Let b(h) = 16*h + 155. What is the tens digit of b(0)?
5
Suppose 0 = -2*z + 6, -21*z + 22*z - 227 = -r. What is the units digit of r?
4
Let k(m) be the third derivative of 13*m**4/12 + m**3/2 - 18*m**2 - 2. What is the tens digit of k(4)?
0
Suppose 0 = -4*y + 3*r + 18, 0*y + 5*r + 19 = 3*y. Let n be 1/1*-8*y. Let w = n + 49. What is the tens digit of w?
2
Let n(l) = -30*l + 129. What is the units digit of n(-20)?
9
Let j(t) = 3 - 8 + 4*t + 9 + 7*t + 2*t**2. What is the units digit of j(-8)?
4
Let k be (-1)/(2 + -3)*1/1. What is the hundreds digit of (-6 + k)*(-3)/(-10)*-228?
3
Let u = 0 + -2. Let k = u - -2. Suppose -2*n - 17 + 87 = k. What is the tens digit of n?
3
Let q be (2/(-4))/(3/(-18)). Suppose 7 - 1 = q*z. What is the units digit of (96/(-15))/z*-5?
6
Let y be 0 + -2 + 3 - -4. Suppose -525 = 2*r + y*r. What is the units digit of (14/(-10))/(15/r)?
7
Let z(w) = 3*w - 8. Let f be z(4). Suppose -1 = k + f, -5*j + k = -80. What is the tens digit of j?
1
Let c be (-1)/((-9)/3)*9. Suppose -5*o = -3*z + 173, -3*z - 62 = c*o + 61. Let m = -23 - o. What is the units digit of m?
4
Suppose -l - 4*u = -6*l + 7365, -20 = -4*u. What is the thousands digit of l?
1
Let y(w) = w**2 - 7*w - 2. Let c be (-30)/(-4)*4/6. Let p be y(c). What is the units digit of 2/p + 104/48?
2
Suppose -3*k = -2*h + 5524 - 1278, -k - 2 = 0. What is the units digit of h?
0
Let r = -37 + 64. Let p = r + -22. Suppose p*l - 60 = 25. What is the tens digit of l?
1
Let j = 25 - 23. Suppose -j*h + 280 = -6*h. What is the tens digit of 126/(-45)*h/4?
4
Suppose 2*w - 4*a = -456 + 7084, 0 = 5*w + 3*a - 16635. What is the tens digit of w?
2
Let k(g) = 2723*g**2 - 46*g + 48. What is the units digit of k(1)?
5
Let z(l) = -22*l - 4. Let d be z(-4). What is the tens digit of (d - 1) + 0 + 1?
8
Let q(p) = 372*p**2 + 35*p - 69. What is the units digit of q(2)?
9
Suppose -z + 193 = -4*k - 78, -5*z + 5*k + 1295 = 0. Suppose z = 5*r - 80. What is the tens digit of r?
6
Suppose 0 = -5*l + 9*l - 4. Let a be l + -2 - (-12 - -5). What is the units digit of 86/a + (-3)/9?
4
Let u(f) = 6*f**2 + 9*f - 14. Let j be u(6). Suppose -4*l = -3*p + 141 + 113, 0 = -3*p + 2*l + j. What is the tens digit of p?
8
Let o(z) = -4*z**2 - 3 - z + 2*z**2 - 7*z + 3*z**2. Let v be o(8). Let r(x) = x**3 + 3*x**2 - 4*x + 1. What is the units digit of r(v)?
3
Suppose z + 135 = 4*z - n, n + 89 = 2*z. Let h = z + -18. What is the tens digit of h?
2